{"id":247,"date":"2024-08-05T17:47:03","date_gmt":"2024-08-05T17:47:03","guid":{"rendered":"https:\/\/econetplatform.com\/?page_id=247"},"modified":"2025-12-06T21:04:47","modified_gmt":"2025-12-06T21:04:47","slug":"reports","status":"publish","type":"page","link":"https:\/\/econetplatform.com\/?page_id=247","title":{"rendered":"Reports"},"content":{"rendered":"\t\t<div data-elementor-type=\"wp-page\" data-elementor-id=\"247\" class=\"elementor elementor-247\" data-elementor-post-type=\"page\">\n\t\t\t\t<div class=\"elementor-element elementor-element-25cd9d9 e-flex e-con-boxed e-con e-parent\" data-id=\"25cd9d9\" data-element_type=\"container\" data-e-type=\"container\">\n\t\t\t\t\t<div class=\"e-con-inner\">\n\t\t\t\t<div class=\"elementor-element elementor-element-526564c elementor-widget elementor-widget-html\" data-id=\"526564c\" data-element_type=\"widget\" data-e-type=\"widget\" data-widget_type=\"html.default\">\n\t\t\t\t<div class=\"elementor-widget-container\">\n\t\t\t\t\t<!-- ECONET \u2013 PROJECT REPORTS GRID -->\r\n<section class=\"econet-reports-section\">\r\n\r\n  <style>\r\n    .econet-reports-section {\r\n      padding: 80px 16px 96px;\r\n      background: radial-gradient(circle at top left, #e8f4ff 0, #f5fbff 40%, #ffffff 100%);\r\n      font-family: system-ui, -apple-system, BlinkMacSystemFont, \"Segoe UI\", sans-serif;\r\n      color: #102a43;\r\n    }\r\n\r\n    .econet-reports-inner {\r\n      max-width: 1140px;\r\n      margin: 0 auto;\r\n    }\r\n\r\n    \/* \u00dcST BA\u015eLIK *\/\r\n    .econet-reports-kicker {\r\n      display: inline-flex;\r\n      align-items: center;\r\n      gap: 8px;\r\n      padding: 4px 12px;\r\n      border-radius: 999px;\r\n      background: rgba(0, 94, 184, 0.06);\r\n      color: #005eb8;\r\n      font-size: 13px;\r\n      font-weight: 600;\r\n      letter-spacing: .08em;\r\n      text-transform: uppercase;\r\n      margin-bottom: 12px;\r\n    }\r\n\r\n    .econet-reports-dot {\r\n      width: 8px;\r\n      height: 8px;\r\n      border-radius: 999px;\r\n      background: #00b894;\r\n      box-shadow: 0 0 0 6px rgba(0, 184, 148, 0.25);\r\n    }\r\n\r\n    .econet-reports-title {\r\n      font-size: clamp(28px, 4vw, 36px);\r\n      line-height: 1.15;\r\n      margin: 0 0 10px;\r\n      color: #102a43;\r\n    }\r\n\r\n    .econet-reports-subtitle {\r\n      max-width: 720px;\r\n      font-size: 15px;\r\n      line-height: 1.7;\r\n      color: #5c6c80;\r\n      margin: 0 0 28px;\r\n    }\r\n\r\n    \/* GRID *\/\r\n    .econet-reports-grid {\r\n      display: grid;\r\n      grid-template-columns: repeat(3, minmax(0, 1fr));\r\n      gap: 22px;\r\n    }\r\n\r\n    @media (max-width: 900px) {\r\n      .econet-reports-grid {\r\n        grid-template-columns: repeat(2, minmax(0, 1fr));\r\n      }\r\n    }\r\n\r\n    @media (max-width: 640px) {\r\n      .econet-reports-grid {\r\n        grid-template-columns: 1fr;\r\n      }\r\n    }\r\n\r\n    \/* KARTLAR *\/\r\n    .econet-report-card {\r\n      position: relative;\r\n      border-radius: 20px;\r\n      background: rgba(255, 255, 255, 0.98);\r\n      border: 1px solid rgba(15, 35, 52, 0.06);\r\n      box-shadow: 0 18px 44px rgba(15, 35, 52, 0.10);\r\n      overflow: hidden;\r\n      display: flex;\r\n      flex-direction: column;\r\n      transition: transform .18s ease, box-shadow .18s ease, border-color .18s ease;\r\n    }\r\n\r\n    .econet-report-card::before {\r\n      content: \"\";\r\n      position: absolute;\r\n      inset: -40%;\r\n      background: radial-gradient(circle at top right, rgba(0,94,184,0.18), transparent 60%);\r\n      opacity: 0;\r\n      transition: opacity .22s ease;\r\n      pointer-events: none;\r\n    }\r\n\r\n    .econet-report-card:hover {\r\n      transform: translateY(-4px);\r\n      box-shadow: 0 22px 52px rgba(15, 35, 52, 0.18);\r\n      border-color: rgba(0, 94, 184, 0.28);\r\n    }\r\n\r\n    .econet-report-card:hover::before {\r\n      opacity: 1;\r\n    }\r\n\r\n    \/* \u00dcST G\u00d6RSEL B\u00d6L\u00dcM *\/\r\n    .econet-report-cover {\r\n      position: relative;\r\n      height: 130px;\r\n      overflow: hidden;\r\n      background: radial-gradient(circle at top left, #eef2ff 0, #dbeafe 40%, #c7d2fe 100%);\r\n      display: flex;\r\n      align-items: center;\r\n      justify-content: center;\r\n    }\r\n\r\n    .econet-report-cover::after {\r\n      content: \"\";\r\n      position: absolute;\r\n      inset: 0;\r\n      background:\r\n        radial-gradient(circle at top left, rgba(255,255,255,0.8), transparent 55%),\r\n        radial-gradient(circle at bottom right, rgba(37,99,235,0.30), transparent 60%);\r\n      mix-blend-mode: screen;\r\n      opacity: .9;\r\n    }\r\n\r\n    .econet-report-icon-wrap {\r\n      position: relative;\r\n      z-index: 1;\r\n      display: inline-flex;\r\n      align-items: center;\r\n      gap: 10px;\r\n      padding: 8px 14px;\r\n      border-radius: 999px;\r\n      background: rgba(15, 23, 42, 0.75);\r\n      color: #f9fbff;\r\n    }\r\n\r\n    .econet-report-icon-circle {\r\n      width: 26px;\r\n      height: 26px;\r\n      border-radius: 999px;\r\n      background: #f97316;\r\n      display: flex;\r\n      align-items: center;\r\n      justify-content: center;\r\n      font-size: 14px;\r\n      box-shadow: 0 0 0 4px rgba(249,115,22,0.35);\r\n    }\r\n\r\n    .econet-report-icon-label {\r\n      font-size: 11px;\r\n      text-transform: uppercase;\r\n      letter-spacing: .10em;\r\n      font-weight: 600;\r\n    }\r\n\r\n    \/* KART \u0130\u00c7 MET\u0130N *\/\r\n    .econet-report-body {\r\n      padding: 16px 18px 18px;\r\n      display: flex;\r\n      flex-direction: column;\r\n      gap: 10px;\r\n      flex: 1;\r\n    }\r\n\r\n    .econet-report-tag {\r\n      display: inline-flex;\r\n      align-items: center;\r\n      gap: 6px;\r\n      padding: 3px 9px;\r\n      border-radius: 999px;\r\n      background: rgba(0, 94, 184, 0.06);\r\n      color: #005eb8;\r\n      font-size: 11px;\r\n      font-weight: 600;\r\n      text-transform: uppercase;\r\n      letter-spacing: .08em;\r\n    }\r\n\r\n    .econet-report-title {\r\n      font-size: 15px;\r\n      font-weight: 600;\r\n      color: #102a43;\r\n      margin: 0;\r\n    }\r\n\r\n    .econet-report-desc {\r\n      font-size: 13px;\r\n      line-height: 1.6;\r\n      color: #556987;\r\n      margin: 0;\r\n      flex: 1;\r\n    }\r\n\r\n    \/* BUTON *\/\r\n    .econet-report-footer {\r\n      padding: 0 18px 16px;\r\n      margin-top: auto;\r\n    }\r\n\r\n    .econet-report-link {\r\n      display: inline-flex;\r\n      align-items: center;\r\n      gap: 8px;\r\n      font-size: 13px;\r\n      font-weight: 600;\r\n      text-decoration: none;\r\n      padding: 7px 12px;\r\n      border-radius: 999px;\r\n      border: 1px solid rgba(0, 94, 184, 0.32);\r\n      color: #005eb8;\r\n      background: rgba(239, 246, 255, 0.7);\r\n      transition: background .18s ease, color .18s ease, border-color .18s ease;\r\n    }\r\n\r\n    .econet-report-link span.icon {\r\n      font-size: 14px;\r\n    }\r\n\r\n    .econet-report-link:hover {\r\n      background: #005eb8;\r\n      border-color: #005eb8;\r\n      color: #f9fbff;\r\n    }\r\n\r\n    .econet-report-link:hover span.icon {\r\n      transform: translateX(2px);\r\n    }\r\n\r\n    .econet-report-link span.icon {\r\n      transition: transform .18s ease;\r\n    }\r\n\r\n    \/* COMING SOON DURUMU *\/\r\n    .econet-report-card.is-soon .econet-report-link {\r\n      border-style: dashed;\r\n      border-color: rgba(148, 163, 184, 0.8);\r\n      background: rgba(248, 250, 252, 0.9);\r\n      color: #64748b;\r\n      cursor: default;\r\n      pointer-events: none;\r\n    }\r\n\r\n    .econet-report-card.is-soon .econet-report-cover {\r\n      opacity: .75;\r\n    }\r\n\r\n    .econet-report-card.is-soon .econet-report-icon-circle {\r\n      background: #9ca3af;\r\n      box-shadow: 0 0 0 4px rgba(148,163,184,0.35);\r\n    }\r\n\r\n    .econet-report-card.is-soon .econet-report-icon-label::after {\r\n      content: \" \u2013 coming soon\";\r\n      font-weight: 400;\r\n      letter-spacing: 0;\r\n      text-transform: none;\r\n      font-size: 11px;\r\n      opacity: .9;\r\n    }\r\n  <\/style>\r\n\r\n  <div class=\"econet-reports-inner\">\r\n\r\n    <!-- HEADER -->\r\n    <div class=\"econet-reports-header\">\r\n      <div class=\"econet-reports-kicker\">\r\n        <span class=\"econet-reports-dot\"><\/span>\r\n        <span>Project Reports<\/span>\r\n      <\/div>\r\n\r\n      <h2 class=\"econet-reports-title\">Reports &amp; Survey Results<\/h2>\r\n\r\n      <p class=\"econet-reports-subtitle\">\r\n        Here you can explore the main reports and survey results produced in the Sustainable Solutions (S&amp;S)\r\n        project. The first reports are already available, while additional documents will be added as the\r\n        project progresses.\r\n      <\/p>\r\n    <\/div>\r\n\r\n    <!-- GRID -->\r\n    <div class=\"econet-reports-grid\">\r\n\r\n      <!-- REPORT 1 -->\r\n      <article class=\"econet-report-card\">\r\n        <div class=\"econet-report-cover\">\r\n          <div class=\"econet-report-icon-wrap\">\r\n            <div class=\"econet-report-icon-circle\">R1<\/div>\r\n            <div class=\"econet-report-icon-label\">Survey report<\/div>\r\n          <\/div>\r\n        <\/div>\r\n\r\n        <div class=\"econet-report-body\">\r\n          <div class=\"econet-report-tag\">Report 1<\/div>\r\n          <h3 class=\"econet-report-title\">\r\n            The Sustainability Problem-Solving Toolkit Survey Report\r\n          <\/h3>\r\n          <p class=\"econet-report-desc\">\r\n            Survey-based analysis informing the design of the Sustainability Problem-Solving Toolkit, mapping\r\n            needs, expectations and current practices of teachers and students.\r\n          <\/p>\r\n        <\/div>\r\n\r\n        <div class=\"econet-report-footer\">\r\n          <a class=\"econet-report-link\"\r\n             href=\"https:\/\/econetplatform.com\/?page_id=431\"\r\n             target=\"_blank\" rel=\"noopener\">\r\n            <span class=\"icon\">\u2197<\/span>\r\n            <span>Open report page<\/span>\r\n          <\/a>\r\n        <\/div>\r\n      <\/article>\r\n\r\n      <!-- REPORT 2 -->\r\n      <article class=\"econet-report-card\">\r\n        <div class=\"econet-report-cover\">\r\n          <div class=\"econet-report-icon-wrap\">\r\n            <div class=\"econet-report-icon-circle\">R2<\/div>\r\n            <div class=\"econet-report-icon-label\">Survey report<\/div>\r\n          <\/div>\r\n        <\/div>\r\n\r\n        <div class=\"econet-report-body\">\r\n          <div class=\"econet-report-tag\">Report 2<\/div>\r\n          <h3 class=\"econet-report-title\">\r\n            Eco-Tech Skills Curriculum Survey Result Report\r\n          <\/h3>\r\n          <p class=\"econet-report-desc\">\r\n            Key findings that support the development of the Eco-Tech Skills Curriculum, focusing on digital\r\n            skills, climate education needs and priorities across partner countries.\r\n          <\/p>\r\n        <\/div>\r\n\r\n        <div class=\"econet-report-footer\">\r\n          <a class=\"econet-report-link\"\r\n             href=\"https:\/\/econetplatform.com\/?page_id=879\"\r\n             target=\"_blank\" rel=\"noopener\">\r\n            <span class=\"icon\">\u2197<\/span>\r\n            <span>Open report page<\/span>\r\n          <\/a>\r\n        <\/div>\r\n      <\/article>\r\n\r\n      <!-- REPORT 3 \u2013 COMING SOON -->\r\n      <article class=\"econet-report-card is-soon\">\r\n        <div class=\"econet-report-cover\">\r\n          <div class=\"econet-report-icon-wrap\">\r\n            <div class=\"econet-report-icon-circle\">R3<\/div>\r\n            <div class=\"econet-report-icon-label\">Project report<\/div>\r\n          <\/div>\r\n        <\/div>\r\n\r\n        <div class=\"econet-report-body\">\r\n          <div class=\"econet-report-tag\">Report 3<\/div>\r\n          <h3 class=\"econet-report-title\">\r\n            Upcoming project report\r\n          <\/h3>\r\n          <p class=\"econet-report-desc\">\r\n            This slot is reserved for the next project report. The link and full document will be published\r\n            once the report is finalised.\r\n          <\/p>\r\n        <\/div>\r\n\r\n        <div class=\"econet-report-footer\">\r\n          <a class=\"econet-report-link\">\r\n            <span class=\"icon\">\u23f3<\/span>\r\n            <span>Coming soon<\/span>\r\n          <\/a>\r\n        <\/div>\r\n      <\/article>\r\n\r\n      <!-- REPORT 4 \u2013 COMING SOON -->\r\n      <article class=\"econet-report-card is-soon\">\r\n        <div class=\"econet-report-cover\">\r\n          <div class=\"econet-report-icon-wrap\">\r\n            <div class=\"econet-report-icon-circle\">R4<\/div>\r\n            <div class=\"econet-report-icon-label\">Project report<\/div>\r\n          <\/div>\r\n        <\/div>\r\n\r\n        <div class=\"econet-report-body\">\r\n          <div class=\"econet-report-tag\">Report 4<\/div>\r\n          <h3 class=\"econet-report-title\">\r\n            Upcoming project report\r\n          <\/h3>\r\n          <p class=\"econet-report-desc\">\r\n            Another report from the Sustainable Solutions (S&amp;S) project will be added here, showcasing\r\n            progress, results or evaluation outcomes.\r\n          <\/p>\r\n        <\/div>\r\n\r\n        <div class=\"econet-report-footer\">\r\n          <a class=\"econet-report-link\">\r\n            <span class=\"icon\">\u23f3<\/span>\r\n            <span>Coming soon<\/span>\r\n          <\/a>\r\n        <\/div>\r\n      <\/article>\r\n\r\n      \r\n        <\/div>\r\n      <\/article>\r\n\r\n    <\/div>\r\n\r\n  <\/div>\r\n<\/section>\r\n\t\t\t\t<\/div>\n\t\t\t\t<\/div>\n\t\t\t\t\t<\/div>\n\t\t\t\t<\/div>\n\t\t\t\t<\/div>\n\t\t","protected":false},"excerpt":{"rendered":"<p>Project Reports Reports &amp; Survey Results Here you can explore the main reports and survey results produced in the Sustainable Solutions (S&amp;S) project. The first reports are already available, while additional documents will be added as the project progresses. R1 Survey report Report 1 The Sustainability Problem-Solving Toolkit Survey Report Survey-based analysis informing the design [&hellip;]<\/p>\n","protected":false},"author":1,"featured_media":0,"parent":0,"menu_order":0,"comment_status":"closed","ping_status":"closed","template":"elementor_header_footer","meta":{"footnotes":""},"class_list":["post-247","page","type-page","status-publish","hentry"],"_links":{"self":[{"href":"https:\/\/econetplatform.com\/index.php?rest_route=\/wp\/v2\/pages\/247"}],"collection":[{"href":"https:\/\/econetplatform.com\/index.php?rest_route=\/wp\/v2\/pages"}],"about":[{"href":"https:\/\/econetplatform.com\/index.php?rest_route=\/wp\/v2\/types\/page"}],"author":[{"embeddable":true,"href":"https:\/\/econetplatform.com\/index.php?rest_route=\/wp\/v2\/users\/1"}],"replies":[{"embeddable":true,"href":"https:\/\/econetplatform.com\/index.php?rest_route=%2Fwp%2Fv2%2Fcomments&post=247"}],"version-history":[{"count":25,"href":"https:\/\/econetplatform.com\/index.php?rest_route=\/wp\/v2\/pages\/247\/revisions"}],"predecessor-version":[{"id":1527,"href":"https:\/\/econetplatform.com\/index.php?rest_route=\/wp\/v2\/pages\/247\/revisions\/1527"}],"wp:attachment":[{"href":"https:\/\/econetplatform.com\/index.php?rest_route=%2Fwp%2Fv2%2Fmedia&parent=247"}],"curies":[{"name":"wp","href":"https:\/\/api.w.org\/{rel}","templated":true}]}}